(w). Let v(m) = -m**2 + 2*m - 1. What is v(g)?
-4
Let u(n) = 5*n**2 + 4*n + 3. Let j(i) = 9*i**2 + 7*i + 6. Let h(x) = 4*j(x) - 7*u(x). Suppose 4 = -s + 3*s. Suppose b = -s*b. Give h(b).
3
Let w(k) = 9*k. Suppose 116 = 3*v - 8*v - 4*t, 4*v = -4*t - 92. Let s(j) = 3 + j - 3. Let p(h) = v*s(h) + 3*w(h). What is p(-1)?
-3
Let m(u) = 2*u**3 - 3*u**2 + 2*u - 10. Let s(v) = -v**3 + v**2 - v + 1. Let g(d) = m(d) + 3*s(d). Give g(0).
-7
Let z(j) = 6*j + 4. Let q(w) = -w - 1. Let s(u) = 11*q(u) + 2*z(u). Suppose -h + 5*l - 13 = 0, 2*h - 19 = 4*h - 3*l. Let r = h - -12. Calculate s(r).
1
Let q = 27 - 29. Let b(z) = 7*z - 1. What is b(q)?
-15
Let y be (0/1)/(-1 + 0). Suppose d + 0*d + 30 = y. Let x be d/4*14/(-21). Let b(w) = w**3 - 6*w**2 + 7*w - 4. Give b(x).
6
Let z(p) be the third derivative of p**4/4 - p**3/6 + p**2. Let h be (-6)/(-10) + (-4)/(-10). What is z(h)?
5
Let l(g) = -5*g**2 + 2*g - 1. Let t be l(1). Let d(z) = -3 + 0 - 3*z**2 - z**2 - z**3. Give d(t).
-3
Suppose 20 = 2*u - 6*u. Let z(a) = a**3 + 6*a**2 + 4*a - 2. Calculate z(u).
3
Let n = 0 - -2. Let a(p) = 0*p**3 + p**2 + 4*p**3 + n*p**2 - 2*p**2. Calculate a(1).
5
Let d(w) = 8 - w - 6*w + 3 + 6*w. Calculate d(5).
6
Let n(l) = 2*l - 6. Let j be (-4)/(-2) - (-8 + 9 + -4). Determine n(j).
4
Let l be 18/14 + 2/(-7). Suppose 0 = 2*p - 8. Let o(r) = -r + p - 3 - 6*r. Give o(l).
-6
Let c(b) be the first derivative of b**2 + 5*b - 1 - 1/3*b**3. What is c(4)?
-3
Let a(c) = -c + 2. Let o be 4/(-6) + (-152)/(-12). Suppose 4*h + o = 0, 20 = 4*m - 5*h - 3. Suppose -5*y + 10 = 5*n, -4*y - 2*n + m + 2 = 0. What is a(y)?
2
Let p(a) be the second derivative of a**5/20 - a**4/3 - a**3 + 2*a**2 - a. Suppose -2*y = 3*y - 4*u - 17, 0 = -y + 3*u - 1. Give p(y).
-1
Let a(n) = -n**3 - 4*n**2 - n + 1. Let m(u) = 5*u**2 + u - 3. Let t(d) = -4*d**2 + 4. Let w(f) = 3*m(f) + 4*t(f). Let v be w(5). Determine a(v).
-5
Let j(i) = 4*i - 4. Let t(o) = -o + 2. Let f(z) = 2*j(z) + 7*t(z). Determine f(-6).
0
Let p be 2 + -5 + (-4)/2. Let z(b) = 0 + 6 - 2 + b**2 + 6*b. Give z(p).
-1
Let c be 6/12 - (-1)/(-2). Let j = -5 + c. Let d(b) = b**2 + 4*b - 1. Give d(j).
4
Let h(o) = o**3 + 7*o**2 + 6*o - 1. Let j be h(-6). Let s(k) be the second derivative of -k**3/6 + 14*k. Give s(j).
1
Let m(v) = 42 + v**2 + 46 - 89. Calculate m(1).
0
Let s(g) be the first derivative of g**4/2 - g**3/3 + g - 6. Calculate s(1).
2
Let h(v) = 4*v + 1. Suppose -2 = 4*p + 6. Determine h(p).
-7
Suppose -139 = -4*b + 29. Let g be b/8 + 3/(-12). Let p(t) = -t + 7. What is p(g)?
2
Let b(p) = 3*p**3 - p**2 + 6*p + 13. Let s(h) = 2 + h**3 + 3*h + 2 + 2. Let l be ((-12)/(-2))/(-2) - (1 - -1). Let n(w) = l*s(w) + 2*b(w). Give n(3).
-4
Let h(i) = i + 2*i**2 - 7*i + 3*i. Let l be 3 + (4 + -3)*-1. What is h(l)?
2
Let a(f) = -17*f - 14. Let m(r) = -6*r - 5. Let q(z) = -4*a(z) + 11*m(z). What is q(5)?
11
Suppose 4*o + 1 + 23 = 0. Let h(y) = -2*y**2 + 3*y - 1. Let j(r) = r**2 - r. Let i(g) = -6*h(g) - 13*j(g). Determine i(o).
0
Let k(w) = w**3 - 2*w - 3. Let v(s) = 4*s**3 - s**2 - 9*s - 13. Let h(y) = 9*k(y) - 2*v(y). Calculate h(-1).
0
Suppose t - 1 - 1 = 0. Suppose q = -l + 7, -11 = -4*l - q + 5. Let d(v) = -3 - v**2 + l + 3*v**t - v**3 + 3. Determine d(3).
-6
Let f(z) = 8*z**2 + 6*z - 2. Let x(a) = -a**3 + 11*a**2 + 12*a - 4. Let c be x(12). Let u(j) = -9*j**2 - 7*j + 2. Let q(n) = c*u(n) - 5*f(n). Give q(-2).
-10
Let s(d) = -4*d - 2. Suppose 0 = -4*f - 3 + 23. Let n = -8 + f. What is s(n)?
10
Suppose 4*c - 12 = -0. Suppose 0 = t - c*t + 10. Let r(b) = -4*b**3 - t + 2*b**2 + 4 + 0*b**3. Determine r(-1).
5
Suppose 4*r + 31 + 15 = -5*z, -2*r + 3*z - 12 = 0. Let i = -6 - r. Suppose -11 = 2*o + 3*o + i*u, 5*u + 13 = -3*o. Let v(b) = 9*b**3 + 1. What is v(o)?
-8
Suppose -9 = -2*s + d + 2, 2*s - 5*d - 23 = 0. Let x(g) be the third derivative of -g**5/30 + 7*g**4/24 - g**3 - 7*g**2. Give x(s).
-10
Let f(m) = -m**2 - 5*m - 1. Let q(x) = -x**3 + 3*x**2 - 2*x + 4. Let k be q(4). Let i = 8 + k. Let g = i - -7. Calculate f(g).
-1
Let m(z) = 5*z - 5. Let k(w) be the second derivative of w**3/6 - w**2/2 - 2*w. Let g(o) = 3*k(o) - m(o). Let v be g(2). Let y(b) = -2*b + 1. Give y(v).
5
Let x(v) = v**2 + 15*v + 14. Let f be x(-14). Suppose f = 4*u - 2*u. Let b(l) = l**2 + 2. Determine b(u).
2
Let n(o) = o**3 - 4*o**2 + o - 4. Let c be ((-16)/20)/((-8)/(-60)). Let p = c - -10. Determine n(p).
0
Let u(n) = -n**3 + 2*n**2 + n + 1. Let v be u(2). Let p(q) = -2*q**2 - 7*q + 0 + 2*q - v. Give p(-3).
-6
Let m(n) = -2*n + 2. Let p(v) = v. Let r(i) = -m(i) - 3*p(i). Let y be (-2 - -1)/(1/4). Determine r(y).
2
Let j(p) = 1. Let g(v) be the second derivative of -1/2*v**3 - 2*v + 0 - 9/2*v**2. Let d(u) = -g(u) - 4*j(u). Give d(-4).
-7
Let h(j) = -4*j + 1. Let p be h(2). Let c(a) = a. What is c(p)?
-7
Let r = -33 + 27. Let v(l) = l**2 + 6*l + 5. Give v(r).
5
Let i(u) = 3*u - 6. Suppose -2*y + 6*y - 26 = -2*o, -2*y + 2*o = 2. What is i(y)?
6
Let j(n) be the second derivative of -n**5/10 + n**4/4 + 2*n**3/3 - n**2/2 + 5*n. What is j(3)?
-16
Suppose 3*x = 5*v - 25, -2*v + x = -2 - 7. Suppose -2*b = -4*b - v. Let k(o) be the third derivative of -o**4/24 - o**3/6 + o**2. What is k(b)?
0
Let u(w) = -2*w + 6. Let g be u(4). Suppose -3 = -5*m + 2*y + 3, -2*m + 2*y = 0. Let a(d) = 2 - 2 + 2*d**m - 1 + d**3 + 2*d. Give a(g).
-5
Let s(x) = -5 - x - 2*x**2 + 8*x + x**2 - 4. Let m = -12 + 18. Determine s(m).
-3
Let x(z) = 3*z - 12. Let a be x(5). Let b(l) be the third derivative of l**6/120 - l**5/20 + l**3/2 + l**2. Calculate b(a).
3
Let p(l) be the second derivative of l**4/12 - l**3/3 - 3*l**2/2 + l. Suppose 1 = 4*r - 19. Suppose 0 = -x - 1 + r. Calculate p(x).
5
Let m(u) be the third derivative of 1/60*u**5 + 0*u**4 + 0*u - 2*u**2 + 0 - 1/3*u**3. What is m(-3)?
7
Let w = -2 - -5. Let z(q) = 5*q**2 - 2 - 5*q - q**2 + 2*q + q**w + 4*q. What is z(-3)?
4
Let r(u) = u**3 + 6*u**2 - 7*u + 3. Let h be r(-7). Let n(z) = -z**2 + 4*z - 1. What is n(h)?
2
Let b(j) be the first derivative of j**3/3 - 7*j**2/2 + 8*j - 12. Suppose -3*r + 19 - 1 = 0. Determine b(r).
2
Let v(z) = -z**2 - 4*z - 8. Let s be 14/(-3) - 1/3. Let l(u) = u**2 + 3*u + 8. Let h(n) = s*l(n) - 4*v(n). Suppose 0 = -14*f + 41*f. What is h(f)?
-8
Let m(t) = -t**2 + 6*t + 3. Suppose 3*q = -5*g + 28, 3*g - 3*q - 7 = 5. Determine m(g).
8
Let h(r) = 0*r + 8 - 6*r + 6*r - 2*r. What is h(8)?
-8
Let y(g) = g**3 - 2*g**2 - 4*g - 3. Let w be y(-2). Let u(r) = 9*r + 3. Let i(s) = -5*s - 2. Let p(k) = w*i(k) - 6*u(k). Calculate p(6).
10
Let o be (-36)/(-21)*(-14)/(-4). Let d(r) = r**3 - 6*r**2 + r - 4. Give d(o).
2
Let c(g) = 6*g**2 + 30*g - 15. Let a(r) = -r**2 - 6*r + 3. Let x(d) = d**2 - 10*d + 5. Let p be x(8). Let y(z) = p*a(z) - 2*c(z). Determine y(4).
5
Let g(l) = l + 3. Let p be g(-6). Let r(d) = 93 - 3*d + 90 - 186 + d. What is r(p)?
3
Let b be (-4 - -2)/(20/(-550)). Let t be 8/5 - (-22)/b. Let o(k) = 3*k**2 - 2*k. Calculate o(t).
8
Let y(q) = q**2 + 9*q + 8. Let o = -40 - -32. Determine y(o).
0
Suppose -10 = -3*x - 2*w - 1, 2*x = -w + 5. Let c(f) = -f**2 + 5*f + 4. Let p(k) = -k**2. Let r(o) = x*p(o) + c(o). Give r(4).
-8
Let x = -7 - -10. Let i(m) = -m + 2. Let t be i(x). Let r(k) = -3*k + 4*k + 7*k**3 - 2*k. Calculate r(t).
-6
Let h(n) = -n**3 + 10*n**2 - 10*n + 12. Let f be h(9). Let i(t) be the second derivative of 1/3*t**3 - 3*t + 0 + 1/2*t**2 - 1/12*t**4. What is i(f)?
-2
Let b(f) = -f**3 + 2*f**2 + 2*f + 3. Suppose 5*r + 40 = -3*v + 8, 3*r + 24 = -3*v. Let g be (-1)/v - 33/(-12). Determine b(g).
0
Let z(a) be the first derivative of 3*a**2/2 + 4*a + 4. Give z(4).
16
Let c(q) = q**3 + 12*q**2 + 5*q + 1. Let j(y) = -y**3 - 13*y**2 - 4*y - 1. Let h(n) = -4*c(n) - 3*j(n). What is h(-8)?
-1
Suppose 5*j + 2*r = -4 + 20, -2*r + 12 = 4*j. Let k(d) = d**3 + 8*d**2 + 7*d + 7. Let z be k(-7). Let h(u) = 2*u - 2*u - j*u + z + u. What is h(5)?
-8
Let x(l) be the first derivative of -3/2*l**2 + 6 - 2*l. What is x(-3)?
7
Let s(u) = -u**2 + 4*u - 4. Suppose 0 = 5*d + 2*r - 19, -2*d = d + 5*r. Determine s(d).
-9
Let z be (-10)/2*(0 + -1). Suppose -u = -z*u. Let r(f) be the first derivative of -f**3/3 - f**2/2 + 5*f - 2. Give r(u).
5
Let g be 3/1 + 180/(-6). Let q be ((-1)/(-3))/(3/g). Let z(r) = r + 7. Give z(q).
4
Suppose c - 3*c = -6. Let u(g) = -c +